{"id":108,"date":"2017-08-07T21:33:08","date_gmt":"2017-08-07T19:33:08","guid":{"rendered":"http:\/\/www.centerarhitekture.org\/ca\/?post_type=product&#038;p=108"},"modified":"2023-08-10T15:15:42","modified_gmt":"2023-08-10T13:15:42","slug":"steklenicka-fabiani","status":"publish","type":"product","link":"https:\/\/www.centerarhitekture.org\/en\/shop\/steklenicka-fabiani\/","title":{"rendered":"Stekleni\u010dka CASA BARTOLI"},"content":{"rendered":"","protected":false},"excerpt":{"rendered":"<ul>\n<li>ro\u010dno pihana<\/li>\n<li>izdelana iz najbolj\u0161ega borosilikatnega stekla<\/li>\n<li>volumna 550 ml<\/li>\n<li>obdana v silikon \u010drne barve za ustrezen oprijem<\/li>\n<li>s pokrov\u010dkom iz nerjave\u010dega jekla, polipropilena in silikonskega obro\u010dka, ki zagotavlja tesnjenje<\/li>\n<\/ul>\n<p>Motiv izhaja iz hi\u0161e Bartoli v Trstu, ki jo je leta 1908 zasnoval arhitekt Maks Fabiani. Darilo, ki je nastalo v sodelovanju s Fakulteto za dizajn Univerze na Primorskem in ga je oblikovala \u0161tudentka Anja \u010crni\u010d pod mentorstvom doc. dr. Petre Bole, so izdelali v podjetju ZkotZ.<\/p>","protected":false},"featured_media":289,"template":"","meta":{"iawp_total_views":45},"product_brand":[],"product_cat":[17],"product_tag":[],"class_list":{"0":"post-108","1":"product","2":"type-product","3":"status-publish","4":"has-post-thumbnail","6":"product_cat-kolekcija-maks-fabiani","8":"first","9":"instock","10":"taxable","11":"shipping-taxable","12":"purchasable","13":"product-type-simple"},"_links":{"self":[{"href":"https:\/\/www.centerarhitekture.org\/en\/wp-json\/wp\/v2\/product\/108","targetHints":{"allow":["GET"]}}],"collection":[{"href":"https:\/\/www.centerarhitekture.org\/en\/wp-json\/wp\/v2\/product"}],"about":[{"href":"https:\/\/www.centerarhitekture.org\/en\/wp-json\/wp\/v2\/types\/product"}],"wp:featuredmedia":[{"embeddable":true,"href":"https:\/\/www.centerarhitekture.org\/en\/wp-json\/wp\/v2\/media\/289"}],"wp:attachment":[{"href":"https:\/\/www.centerarhitekture.org\/en\/wp-json\/wp\/v2\/media?parent=108"}],"wp:term":[{"taxonomy":"product_brand","embeddable":true,"href":"https:\/\/www.centerarhitekture.org\/en\/wp-json\/wp\/v2\/product_brand?post=108"},{"taxonomy":"product_cat","embeddable":true,"href":"https:\/\/www.centerarhitekture.org\/en\/wp-json\/wp\/v2\/product_cat?post=108"},{"taxonomy":"product_tag","embeddable":true,"href":"https:\/\/www.centerarhitekture.org\/en\/wp-json\/wp\/v2\/product_tag?post=108"}],"curies":[{"name":"wp","href":"https:\/\/api.w.org\/{rel}","templated":true}]}}

Steklenička CASA BARTOLI

<ul>
<li>ročno pihana</li>
<li>izdelana iz najboljšega borosilikatnega stekla</li>
<li>volumna 550 ml</li>
<li>obdana v silikon črne barve za ustrezen oprijem</li>
<li>s pokrovčkom iz nerjavečega jekla, polipropilena in silikonskega obročka, ki zagotavlja tesnjenje</li>
</ul>
<p>Motiv izhaja iz hiše Bartoli v Trstu, ki jo je leta 1908 zasnoval arhitekt Maks Fabiani. Darilo, ki je nastalo v sodelovanju s Fakulteto za dizajn Univerze na Primorskem in ga je oblikovala študentka Anja Črnič pod mentorstvom doc. dr. Petre Bole, so izdelali v podjetju ZkotZ.</p>
